{"id":5939,"date":"2023-11-01T11:00:36","date_gmt":"2023-11-01T10:00:36","guid":{"rendered":"https:\/\/www.integra-fragrances.com\/realizzazioni\/acqua-di-parma-arancia-la-spugnatura\/"},"modified":"2023-11-20T10:25:42","modified_gmt":"2023-11-20T09:25:42","slug":"acqua-di-parma-arancia-la-spugnatura","status":"publish","type":"realizzazioni","link":"https:\/\/www.integra-fragrances.com\/fr\/realizzazioni\/acqua-di-parma-arancia-la-spugnatura\/","title":{"rendered":"Acqua di Parma \u201cArancia La Spugnatura\u201d"},"content":{"rendered":"","protected":false},"featured_media":6527,"template":"","meta":{"_acf_changed":false},"categorie_realizzazioni_brand":[54],"class_list":["post-5939","realizzazioni","type-realizzazioni","status-publish","has-post-thumbnail","hentry","categorie_realizzazioni_brand-special-projects-events-fr"],"acf":[],"yoast_head":"<!-- This site is optimized with the Yoast SEO plugin v26.5 - https:\/\/yoast.com\/wordpress\/plugins\/seo\/ -->\n<title>Acqua di Parma \u201cArancia La Spugnatura\u201d - Integra Fragrances<\/title>\n<meta name=\"description\" content=\"Du 11 au 22 mai 2023, lors d\u2019un \u00e9v\u00e9nement en plein air au Chiosco di Via Marina \u00e0 Milan, Acqua di Parma a pr\u00e9sent\u00e9 son nouveau parfum en \u00e9dition limit\u00e9e\" \/>\n<meta name=\"robots\" content=\"index, follow, max-snippet:-1, max-image-preview:large, max-video-preview:-1\" \/>\n<link rel=\"canonical\" href=\"https:\/\/www.integra-fragrances.com\/fr\/realizzazioni\/acqua-di-parma-arancia-la-spugnatura\/\" \/>\n<meta property=\"og:locale\" content=\"fr_FR\" \/>\n<meta property=\"og:type\" content=\"article\" \/>\n<meta property=\"og:title\" content=\"Acqua di Parma \u201cArancia La Spugnatura\u201d - Integra Fragrances\" \/>\n<meta property=\"og:description\" content=\"Du 11 au 22 mai 2023, lors d\u2019un \u00e9v\u00e9nement en plein air au Chiosco di Via Marina \u00e0 Milan, Acqua di Parma a pr\u00e9sent\u00e9 son nouveau parfum en \u00e9dition limit\u00e9e\" \/>\n<meta property=\"og:url\" content=\"https:\/\/www.integra-fragrances.com\/fr\/realizzazioni\/acqua-di-parma-arancia-la-spugnatura\/\" \/>\n<meta property=\"og:site_name\" content=\"Integra Fragrances\" \/>\n<meta property=\"article:modified_time\" content=\"2023-11-20T09:25:42+00:00\" \/>\n<meta property=\"og:image\" content=\"https:\/\/www.integra-fragrances.com\/site\/wp-content\/uploads\/2023\/09\/parma.webp\" \/>\n\t<meta property=\"og:image:width\" content=\"3840\" \/>\n\t<meta property=\"og:image:height\" content=\"1966\" \/>\n\t<meta property=\"og:image:type\" content=\"image\/webp\" \/>\n<meta name=\"twitter:card\" content=\"summary_large_image\" \/>\n<script type=\"application\/ld+json\" class=\"yoast-schema-graph\">{\"@context\":\"https:\/\/schema.org\",\"@graph\":[{\"@type\":\"WebPage\",\"@id\":\"https:\/\/www.integra-fragrances.com\/fr\/realizzazioni\/acqua-di-parma-arancia-la-spugnatura\/\",\"url\":\"https:\/\/www.integra-fragrances.com\/fr\/realizzazioni\/acqua-di-parma-arancia-la-spugnatura\/\",\"name\":\"Acqua di Parma \u201cArancia La Spugnatura\u201d - Integra Fragrances\",\"isPartOf\":{\"@id\":\"https:\/\/www.integra-fragrances.com\/#website\"},\"primaryImageOfPage\":{\"@id\":\"https:\/\/www.integra-fragrances.com\/fr\/realizzazioni\/acqua-di-parma-arancia-la-spugnatura\/#primaryimage\"},\"image\":{\"@id\":\"https:\/\/www.integra-fragrances.com\/fr\/realizzazioni\/acqua-di-parma-arancia-la-spugnatura\/#primaryimage\"},\"thumbnailUrl\":\"https:\/\/www.integra-fragrances.com\/site\/wp-content\/uploads\/2023\/09\/parma.webp\",\"datePublished\":\"2023-11-01T10:00:36+00:00\",\"dateModified\":\"2023-11-20T09:25:42+00:00\",\"description\":\"Du 11 au 22 mai 2023, lors d\u2019un \u00e9v\u00e9nement en plein air au Chiosco di Via Marina \u00e0 Milan, Acqua di Parma a pr\u00e9sent\u00e9 son nouveau parfum en \u00e9dition limit\u00e9e\",\"inLanguage\":\"fr-FR\",\"potentialAction\":[{\"@type\":\"ReadAction\",\"target\":[\"https:\/\/www.integra-fragrances.com\/fr\/realizzazioni\/acqua-di-parma-arancia-la-spugnatura\/\"]}]},{\"@type\":\"ImageObject\",\"inLanguage\":\"fr-FR\",\"@id\":\"https:\/\/www.integra-fragrances.com\/fr\/realizzazioni\/acqua-di-parma-arancia-la-spugnatura\/#primaryimage\",\"url\":\"https:\/\/www.integra-fragrances.com\/site\/wp-content\/uploads\/2023\/09\/parma.webp\",\"contentUrl\":\"https:\/\/www.integra-fragrances.com\/site\/wp-content\/uploads\/2023\/09\/parma.webp\",\"width\":3840,\"height\":1966},{\"@type\":\"WebSite\",\"@id\":\"https:\/\/www.integra-fragrances.com\/#website\",\"url\":\"https:\/\/www.integra-fragrances.com\/\",\"name\":\"Integra Fragrances\",\"description\":\"Scent Marketing, the art and science of brand olfactory stories\",\"publisher\":{\"@id\":\"https:\/\/www.integra-fragrances.com\/#organization\"},\"potentialAction\":[{\"@type\":\"SearchAction\",\"target\":{\"@type\":\"EntryPoint\",\"urlTemplate\":\"https:\/\/www.integra-fragrances.com\/?s={search_term_string}\"},\"query-input\":{\"@type\":\"PropertyValueSpecification\",\"valueRequired\":true,\"valueName\":\"search_term_string\"}}],\"inLanguage\":\"fr-FR\"},{\"@type\":\"Organization\",\"@id\":\"https:\/\/www.integra-fragrances.com\/#organization\",\"name\":\"Integra Fragrances\",\"url\":\"https:\/\/www.integra-fragrances.com\/\",\"logo\":{\"@type\":\"ImageObject\",\"inLanguage\":\"fr-FR\",\"@id\":\"https:\/\/www.integra-fragrances.com\/#\/schema\/logo\/image\/\",\"url\":\"https:\/\/www.integra-fragrances.com\/site\/wp-content\/uploads\/2023\/07\/integra-fragrances.svg\",\"contentUrl\":\"https:\/\/www.integra-fragrances.com\/site\/wp-content\/uploads\/2023\/07\/integra-fragrances.svg\",\"caption\":\"Integra Fragrances\"},\"image\":{\"@id\":\"https:\/\/www.integra-fragrances.com\/#\/schema\/logo\/image\/\"}}]}<\/script>\n<!-- \/ Yoast SEO plugin. -->","yoast_head_json":{"title":"Acqua di Parma \u201cArancia La Spugnatura\u201d - Integra Fragrances","description":"Du 11 au 22 mai 2023, lors d\u2019un \u00e9v\u00e9nement en plein air au Chiosco di Via Marina \u00e0 Milan, Acqua di Parma a pr\u00e9sent\u00e9 son nouveau parfum en \u00e9dition limit\u00e9e","robots":{"index":"index","follow":"follow","max-snippet":"max-snippet:-1","max-image-preview":"max-image-preview:large","max-video-preview":"max-video-preview:-1"},"canonical":"https:\/\/www.integra-fragrances.com\/fr\/realizzazioni\/acqua-di-parma-arancia-la-spugnatura\/","og_locale":"fr_FR","og_type":"article","og_title":"Acqua di Parma \u201cArancia La Spugnatura\u201d - Integra Fragrances","og_description":"Du 11 au 22 mai 2023, lors d\u2019un \u00e9v\u00e9nement en plein air au Chiosco di Via Marina \u00e0 Milan, Acqua di Parma a pr\u00e9sent\u00e9 son nouveau parfum en \u00e9dition limit\u00e9e","og_url":"https:\/\/www.integra-fragrances.com\/fr\/realizzazioni\/acqua-di-parma-arancia-la-spugnatura\/","og_site_name":"Integra Fragrances","article_modified_time":"2023-11-20T09:25:42+00:00","og_image":[{"width":3840,"height":1966,"url":"https:\/\/www.integra-fragrances.com\/site\/wp-content\/uploads\/2023\/09\/parma.webp","type":"image\/webp"}],"twitter_card":"summary_large_image","schema":{"@context":"https:\/\/schema.org","@graph":[{"@type":"WebPage","@id":"https:\/\/www.integra-fragrances.com\/fr\/realizzazioni\/acqua-di-parma-arancia-la-spugnatura\/","url":"https:\/\/www.integra-fragrances.com\/fr\/realizzazioni\/acqua-di-parma-arancia-la-spugnatura\/","name":"Acqua di Parma \u201cArancia La Spugnatura\u201d - Integra Fragrances","isPartOf":{"@id":"https:\/\/www.integra-fragrances.com\/#website"},"primaryImageOfPage":{"@id":"https:\/\/www.integra-fragrances.com\/fr\/realizzazioni\/acqua-di-parma-arancia-la-spugnatura\/#primaryimage"},"image":{"@id":"https:\/\/www.integra-fragrances.com\/fr\/realizzazioni\/acqua-di-parma-arancia-la-spugnatura\/#primaryimage"},"thumbnailUrl":"https:\/\/www.integra-fragrances.com\/site\/wp-content\/uploads\/2023\/09\/parma.webp","datePublished":"2023-11-01T10:00:36+00:00","dateModified":"2023-11-20T09:25:42+00:00","description":"Du 11 au 22 mai 2023, lors d\u2019un \u00e9v\u00e9nement en plein air au Chiosco di Via Marina \u00e0 Milan, Acqua di Parma a pr\u00e9sent\u00e9 son nouveau parfum en \u00e9dition limit\u00e9e","inLanguage":"fr-FR","potentialAction":[{"@type":"ReadAction","target":["https:\/\/www.integra-fragrances.com\/fr\/realizzazioni\/acqua-di-parma-arancia-la-spugnatura\/"]}]},{"@type":"ImageObject","inLanguage":"fr-FR","@id":"https:\/\/www.integra-fragrances.com\/fr\/realizzazioni\/acqua-di-parma-arancia-la-spugnatura\/#primaryimage","url":"https:\/\/www.integra-fragrances.com\/site\/wp-content\/uploads\/2023\/09\/parma.webp","contentUrl":"https:\/\/www.integra-fragrances.com\/site\/wp-content\/uploads\/2023\/09\/parma.webp","width":3840,"height":1966},{"@type":"WebSite","@id":"https:\/\/www.integra-fragrances.com\/#website","url":"https:\/\/www.integra-fragrances.com\/","name":"Integra Fragrances","description":"Scent Marketing, the art and science of brand olfactory stories","publisher":{"@id":"https:\/\/www.integra-fragrances.com\/#organization"},"potentialAction":[{"@type":"SearchAction","target":{"@type":"EntryPoint","urlTemplate":"https:\/\/www.integra-fragrances.com\/?s={search_term_string}"},"query-input":{"@type":"PropertyValueSpecification","valueRequired":true,"valueName":"search_term_string"}}],"inLanguage":"fr-FR"},{"@type":"Organization","@id":"https:\/\/www.integra-fragrances.com\/#organization","name":"Integra Fragrances","url":"https:\/\/www.integra-fragrances.com\/","logo":{"@type":"ImageObject","inLanguage":"fr-FR","@id":"https:\/\/www.integra-fragrances.com\/#\/schema\/logo\/image\/","url":"https:\/\/www.integra-fragrances.com\/site\/wp-content\/uploads\/2023\/07\/integra-fragrances.svg","contentUrl":"https:\/\/www.integra-fragrances.com\/site\/wp-content\/uploads\/2023\/07\/integra-fragrances.svg","caption":"Integra Fragrances"},"image":{"@id":"https:\/\/www.integra-fragrances.com\/#\/schema\/logo\/image\/"}}]}},"_links":{"self":[{"href":"https:\/\/www.integra-fragrances.com\/fr\/wp-json\/wp\/v2\/realizzazioni\/5939","targetHints":{"allow":["GET"]}}],"collection":[{"href":"https:\/\/www.integra-fragrances.com\/fr\/wp-json\/wp\/v2\/realizzazioni"}],"about":[{"href":"https:\/\/www.integra-fragrances.com\/fr\/wp-json\/wp\/v2\/types\/realizzazioni"}],"wp:featuredmedia":[{"embeddable":true,"href":"https:\/\/www.integra-fragrances.com\/fr\/wp-json\/wp\/v2\/media\/6527"}],"wp:attachment":[{"href":"https:\/\/www.integra-fragrances.com\/fr\/wp-json\/wp\/v2\/media?parent=5939"}],"wp:term":[{"taxonomy":"categorie_realizzazioni_brand","embeddable":true,"href":"https:\/\/www.integra-fragrances.com\/fr\/wp-json\/wp\/v2\/categorie_realizzazioni_brand?post=5939"}],"curies":[{"name":"wp","href":"https:\/\/api.w.org\/{rel}","templated":true}]}}

<!-- This site is optimized with the Yoast SEO plugin v26.5 - https://yoast.com/wordpress/plugins/seo/ -->
<title>Acqua di Parma “Arancia La Spugnatura” - Integra Fragrances</title>
<meta name="description" content="Du 11 au 22 mai 2023, lors d’un événement en plein air au Chiosco di Via Marina à Milan, Acqua di Parma a présenté son nouveau parfum en édition limitée" />
<meta name="robots" content="index, follow, max-snippet:-1, max-image-preview:large, max-video-preview:-1" />
<link rel="canonical" href="https://www.integra-fragrances.com/fr/realizzazioni/acqua-di-parma-arancia-la-spugnatura/" />
<meta property="og:locale" content="fr_FR" />
<meta property="og:type" content="article" />
<meta property="og:title" content="Acqua di Parma “Arancia La Spugnatura” - Integra Fragrances" />
<meta property="og:description" content="Du 11 au 22 mai 2023, lors d’un événement en plein air au Chiosco di Via Marina à Milan, Acqua di Parma a présenté son nouveau parfum en édition limitée" />
<meta property="og:url" content="https://www.integra-fragrances.com/fr/realizzazioni/acqua-di-parma-arancia-la-spugnatura/" />
<meta property="og:site_name" content="Integra Fragrances" />
<meta property="article:modified_time" content="2023-11-20T09:25:42+00:00" />
<meta property="og:image" content="https://www.integra-fragrances.com/site/wp-content/uploads/2023/09/parma.webp" />
	<meta property="og:image:width" content="3840" />
	<meta property="og:image:height" content="1966" />
	<meta property="og:image:type" content="image/webp" />
<meta name="twitter:card" content="summary_large_image" />
<script type="application/ld+json" class="yoast-schema-graph">{"@context":"https://schema.org","@graph":[{"@type":"WebPage","@id":"https://www.integra-fragrances.com/fr/realizzazioni/acqua-di-parma-arancia-la-spugnatura/","url":"https://www.integra-fragrances.com/fr/realizzazioni/acqua-di-parma-arancia-la-spugnatura/","name":"Acqua di Parma “Arancia La Spugnatura” - Integra Fragrances","isPartOf":{"@id":"https://www.integra-fragrances.com/#website"},"primaryImageOfPage":{"@id":"https://www.integra-fragrances.com/fr/realizzazioni/acqua-di-parma-arancia-la-spugnatura/#primaryimage"},"image":{"@id":"https://www.integra-fragrances.com/fr/realizzazioni/acqua-di-parma-arancia-la-spugnatura/#primaryimage"},"thumbnailUrl":"https://www.integra-fragrances.com/site/wp-content/uploads/2023/09/parma.webp","datePublished":"2023-11-01T10:00:36+00:00","dateModified":"2023-11-20T09:25:42+00:00","description":"Du 11 au 22 mai 2023, lors d’un événement en plein air au Chiosco di Via Marina à Milan, Acqua di Parma a présenté son nouveau parfum en édition limitée","inLanguage":"fr-FR","potentialAction":[{"@type":"ReadAction","target":["https://www.integra-fragrances.com/fr/realizzazioni/acqua-di-parma-arancia-la-spugnatura/"]}]},{"@type":"ImageObject","inLanguage":"fr-FR","@id":"https://www.integra-fragrances.com/fr/realizzazioni/acqua-di-parma-arancia-la-spugnatura/#primaryimage","url":"https://www.integra-fragrances.com/site/wp-content/uploads/2023/09/parma.webp","contentUrl":"https://www.integra-fragrances.com/site/wp-content/uploads/2023/09/parma.webp","width":3840,"height":1966},{"@type":"WebSite","@id":"https://www.integra-fragrances.com/#website","url":"https://www.integra-fragrances.com/","name":"Integra Fragrances","description":"Scent Marketing, the art and science of brand olfactory stories","publisher":{"@id":"https://www.integra-fragrances.com/#organization"},"potentialAction":[{"@type":"SearchAction","target":{"@type":"EntryPoint","urlTemplate":"https://www.integra-fragrances.com/?s={search_term_string}"},"query-input":{"@type":"PropertyValueSpecification","valueRequired":true,"valueName":"search_term_string"}}],"inLanguage":"fr-FR"},{"@type":"Organization","@id":"https://www.integra-fragrances.com/#organization","name":"Integra Fragrances","url":"https://www.integra-fragrances.com/","logo":{"@type":"ImageObject","inLanguage":"fr-FR","@id":"https://www.integra-fragrances.com/#/schema/logo/image/","url":"https://www.integra-fragrances.com/site/wp-content/uploads/2023/07/integra-fragrances.svg","contentUrl":"https://www.integra-fragrances.com/site/wp-content/uploads/2023/07/integra-fragrances.svg","caption":"Integra Fragrances"},"image":{"@id":"https://www.integra-fragrances.com/#/schema/logo/image/"}}]}</script>
<!-- / Yoast SEO plugin. -->

Du 11 au 22 mai 2023, lors d’un événement en plein air au Chiosco di Via Marina à Milan, Acqua di Parma a présenté son nouveau parfum en édition limitée
