{"id":5917,"date":"2023-09-26T09:34:31","date_gmt":"2023-09-26T07:34:31","guid":{"rendered":"https:\/\/www.integra-fragrances.com\/realizzazioni\/solferino-28-week\/"},"modified":"2023-10-12T10:13:40","modified_gmt":"2023-10-12T08:13:40","slug":"solferino-28-week","status":"publish","type":"realizzazioni","link":"https:\/\/www.integra-fragrances.com\/fr\/realizzazioni\/solferino-28-week\/","title":{"rendered":"Solferino 28 week"},"content":{"rendered":"","protected":false},"featured_media":5919,"template":"","meta":{"_acf_changed":false},"categorie_realizzazioni_brand":[54],"class_list":["post-5917","realizzazioni","type-realizzazioni","status-publish","has-post-thumbnail","hentry","categorie_realizzazioni_brand-special-projects-events-fr"],"acf":[],"yoast_head":"<!-- This site is optimized with the Yoast SEO plugin v26.5 - https:\/\/yoast.com\/wordpress\/plugins\/seo\/ -->\n<title>Solferino 28 week - Integra Fragrances<\/title>\n<meta name=\"description\" content=\"Voyager dans le pass\u00e9, mais aussi dans le futur, \u00e9tait possible gr\u00e2ce aux ascenseurs sp\u00e9ciaux de la \u00ab\u00a0machine \u00e0 remonter le temps\u00a0\u00bb qui ont accueilli le public au si\u00e8ge du quotidien Corriere della Sera du 17 au 23 avril 2023.\" \/>\n<meta name=\"robots\" content=\"index, follow, max-snippet:-1, max-image-preview:large, max-video-preview:-1\" \/>\n<link rel=\"canonical\" href=\"https:\/\/www.integra-fragrances.com\/realizzazioni\/solferino-28-week\/\" \/>\n<meta property=\"og:locale\" content=\"fr_FR\" \/>\n<meta property=\"og:type\" content=\"article\" \/>\n<meta property=\"og:title\" content=\"Solferino 28 week - Integra Fragrances\" \/>\n<meta property=\"og:description\" content=\"Voyager dans le pass\u00e9, mais aussi dans le futur, \u00e9tait possible gr\u00e2ce aux ascenseurs sp\u00e9ciaux de la \u00ab\u00a0machine \u00e0 remonter le temps\u00a0\u00bb qui ont accueilli le public au si\u00e8ge du quotidien Corriere della Sera du 17 au 23 avril 2023.\" \/>\n<meta property=\"og:url\" content=\"https:\/\/www.integra-fragrances.com\/realizzazioni\/solferino-28-week\/\" \/>\n<meta property=\"og:site_name\" content=\"Integra Fragrances\" \/>\n<meta property=\"article:modified_time\" content=\"2023-10-12T08:13:40+00:00\" \/>\n<meta property=\"og:image\" content=\"https:\/\/www.integra-fragrances.com\/site\/wp-content\/uploads\/2023\/09\/28week-1.webp\" \/>\n\t<meta property=\"og:image:width\" content=\"3840\" \/>\n\t<meta property=\"og:image:height\" content=\"1966\" \/>\n\t<meta property=\"og:image:type\" content=\"image\/webp\" \/>\n<meta name=\"twitter:card\" content=\"summary_large_image\" \/>\n<script type=\"application\/ld+json\" class=\"yoast-schema-graph\">{\"@context\":\"https:\/\/schema.org\",\"@graph\":[{\"@type\":\"WebPage\",\"@id\":\"https:\/\/www.integra-fragrances.com\/realizzazioni\/solferino-28-week\/\",\"url\":\"https:\/\/www.integra-fragrances.com\/realizzazioni\/solferino-28-week\/\",\"name\":\"Solferino 28 week - Integra Fragrances\",\"isPartOf\":{\"@id\":\"https:\/\/www.integra-fragrances.com\/#website\"},\"primaryImageOfPage\":{\"@id\":\"https:\/\/www.integra-fragrances.com\/realizzazioni\/solferino-28-week\/#primaryimage\"},\"image\":{\"@id\":\"https:\/\/www.integra-fragrances.com\/realizzazioni\/solferino-28-week\/#primaryimage\"},\"thumbnailUrl\":\"https:\/\/www.integra-fragrances.com\/site\/wp-content\/uploads\/2023\/09\/28week-1.webp\",\"datePublished\":\"2023-09-26T07:34:31+00:00\",\"dateModified\":\"2023-10-12T08:13:40+00:00\",\"description\":\"Voyager dans le pass\u00e9, mais aussi dans le futur, \u00e9tait possible gr\u00e2ce aux ascenseurs sp\u00e9ciaux de la \u00ab\u00a0machine \u00e0 remonter le temps\u00a0\u00bb qui ont accueilli le public au si\u00e8ge du quotidien Corriere della Sera du 17 au 23 avril 2023.\",\"inLanguage\":\"fr-FR\",\"potentialAction\":[{\"@type\":\"ReadAction\",\"target\":[\"https:\/\/www.integra-fragrances.com\/realizzazioni\/solferino-28-week\/\"]}]},{\"@type\":\"ImageObject\",\"inLanguage\":\"fr-FR\",\"@id\":\"https:\/\/www.integra-fragrances.com\/realizzazioni\/solferino-28-week\/#primaryimage\",\"url\":\"https:\/\/www.integra-fragrances.com\/site\/wp-content\/uploads\/2023\/09\/28week-1.webp\",\"contentUrl\":\"https:\/\/www.integra-fragrances.com\/site\/wp-content\/uploads\/2023\/09\/28week-1.webp\",\"width\":3840,\"height\":1966},{\"@type\":\"WebSite\",\"@id\":\"https:\/\/www.integra-fragrances.com\/#website\",\"url\":\"https:\/\/www.integra-fragrances.com\/\",\"name\":\"Integra Fragrances\",\"description\":\"Scent Marketing, the art and science of brand olfactory stories\",\"publisher\":{\"@id\":\"https:\/\/www.integra-fragrances.com\/#organization\"},\"potentialAction\":[{\"@type\":\"SearchAction\",\"target\":{\"@type\":\"EntryPoint\",\"urlTemplate\":\"https:\/\/www.integra-fragrances.com\/?s={search_term_string}\"},\"query-input\":{\"@type\":\"PropertyValueSpecification\",\"valueRequired\":true,\"valueName\":\"search_term_string\"}}],\"inLanguage\":\"fr-FR\"},{\"@type\":\"Organization\",\"@id\":\"https:\/\/www.integra-fragrances.com\/#organization\",\"name\":\"Integra Fragrances\",\"url\":\"https:\/\/www.integra-fragrances.com\/\",\"logo\":{\"@type\":\"ImageObject\",\"inLanguage\":\"fr-FR\",\"@id\":\"https:\/\/www.integra-fragrances.com\/#\/schema\/logo\/image\/\",\"url\":\"https:\/\/www.integra-fragrances.com\/site\/wp-content\/uploads\/2023\/07\/integra-fragrances.svg\",\"contentUrl\":\"https:\/\/www.integra-fragrances.com\/site\/wp-content\/uploads\/2023\/07\/integra-fragrances.svg\",\"caption\":\"Integra Fragrances\"},\"image\":{\"@id\":\"https:\/\/www.integra-fragrances.com\/#\/schema\/logo\/image\/\"}}]}<\/script>\n<!-- \/ Yoast SEO plugin. -->","yoast_head_json":{"title":"Solferino 28 week - Integra Fragrances","description":"Voyager dans le pass\u00e9, mais aussi dans le futur, \u00e9tait possible gr\u00e2ce aux ascenseurs sp\u00e9ciaux de la \u00ab\u00a0machine \u00e0 remonter le temps\u00a0\u00bb qui ont accueilli le public au si\u00e8ge du quotidien Corriere della Sera du 17 au 23 avril 2023.","robots":{"index":"index","follow":"follow","max-snippet":"max-snippet:-1","max-image-preview":"max-image-preview:large","max-video-preview":"max-video-preview:-1"},"canonical":"https:\/\/www.integra-fragrances.com\/realizzazioni\/solferino-28-week\/","og_locale":"fr_FR","og_type":"article","og_title":"Solferino 28 week - Integra Fragrances","og_description":"Voyager dans le pass\u00e9, mais aussi dans le futur, \u00e9tait possible gr\u00e2ce aux ascenseurs sp\u00e9ciaux de la \u00ab\u00a0machine \u00e0 remonter le temps\u00a0\u00bb qui ont accueilli le public au si\u00e8ge du quotidien Corriere della Sera du 17 au 23 avril 2023.","og_url":"https:\/\/www.integra-fragrances.com\/realizzazioni\/solferino-28-week\/","og_site_name":"Integra Fragrances","article_modified_time":"2023-10-12T08:13:40+00:00","og_image":[{"width":3840,"height":1966,"url":"https:\/\/www.integra-fragrances.com\/site\/wp-content\/uploads\/2023\/09\/28week-1.webp","type":"image\/webp"}],"twitter_card":"summary_large_image","schema":{"@context":"https:\/\/schema.org","@graph":[{"@type":"WebPage","@id":"https:\/\/www.integra-fragrances.com\/realizzazioni\/solferino-28-week\/","url":"https:\/\/www.integra-fragrances.com\/realizzazioni\/solferino-28-week\/","name":"Solferino 28 week - Integra Fragrances","isPartOf":{"@id":"https:\/\/www.integra-fragrances.com\/#website"},"primaryImageOfPage":{"@id":"https:\/\/www.integra-fragrances.com\/realizzazioni\/solferino-28-week\/#primaryimage"},"image":{"@id":"https:\/\/www.integra-fragrances.com\/realizzazioni\/solferino-28-week\/#primaryimage"},"thumbnailUrl":"https:\/\/www.integra-fragrances.com\/site\/wp-content\/uploads\/2023\/09\/28week-1.webp","datePublished":"2023-09-26T07:34:31+00:00","dateModified":"2023-10-12T08:13:40+00:00","description":"Voyager dans le pass\u00e9, mais aussi dans le futur, \u00e9tait possible gr\u00e2ce aux ascenseurs sp\u00e9ciaux de la \u00ab\u00a0machine \u00e0 remonter le temps\u00a0\u00bb qui ont accueilli le public au si\u00e8ge du quotidien Corriere della Sera du 17 au 23 avril 2023.","inLanguage":"fr-FR","potentialAction":[{"@type":"ReadAction","target":["https:\/\/www.integra-fragrances.com\/realizzazioni\/solferino-28-week\/"]}]},{"@type":"ImageObject","inLanguage":"fr-FR","@id":"https:\/\/www.integra-fragrances.com\/realizzazioni\/solferino-28-week\/#primaryimage","url":"https:\/\/www.integra-fragrances.com\/site\/wp-content\/uploads\/2023\/09\/28week-1.webp","contentUrl":"https:\/\/www.integra-fragrances.com\/site\/wp-content\/uploads\/2023\/09\/28week-1.webp","width":3840,"height":1966},{"@type":"WebSite","@id":"https:\/\/www.integra-fragrances.com\/#website","url":"https:\/\/www.integra-fragrances.com\/","name":"Integra Fragrances","description":"Scent Marketing, the art and science of brand olfactory stories","publisher":{"@id":"https:\/\/www.integra-fragrances.com\/#organization"},"potentialAction":[{"@type":"SearchAction","target":{"@type":"EntryPoint","urlTemplate":"https:\/\/www.integra-fragrances.com\/?s={search_term_string}"},"query-input":{"@type":"PropertyValueSpecification","valueRequired":true,"valueName":"search_term_string"}}],"inLanguage":"fr-FR"},{"@type":"Organization","@id":"https:\/\/www.integra-fragrances.com\/#organization","name":"Integra Fragrances","url":"https:\/\/www.integra-fragrances.com\/","logo":{"@type":"ImageObject","inLanguage":"fr-FR","@id":"https:\/\/www.integra-fragrances.com\/#\/schema\/logo\/image\/","url":"https:\/\/www.integra-fragrances.com\/site\/wp-content\/uploads\/2023\/07\/integra-fragrances.svg","contentUrl":"https:\/\/www.integra-fragrances.com\/site\/wp-content\/uploads\/2023\/07\/integra-fragrances.svg","caption":"Integra Fragrances"},"image":{"@id":"https:\/\/www.integra-fragrances.com\/#\/schema\/logo\/image\/"}}]}},"_links":{"self":[{"href":"https:\/\/www.integra-fragrances.com\/fr\/wp-json\/wp\/v2\/realizzazioni\/5917","targetHints":{"allow":["GET"]}}],"collection":[{"href":"https:\/\/www.integra-fragrances.com\/fr\/wp-json\/wp\/v2\/realizzazioni"}],"about":[{"href":"https:\/\/www.integra-fragrances.com\/fr\/wp-json\/wp\/v2\/types\/realizzazioni"}],"wp:featuredmedia":[{"embeddable":true,"href":"https:\/\/www.integra-fragrances.com\/fr\/wp-json\/wp\/v2\/media\/5919"}],"wp:attachment":[{"href":"https:\/\/www.integra-fragrances.com\/fr\/wp-json\/wp\/v2\/media?parent=5917"}],"wp:term":[{"taxonomy":"categorie_realizzazioni_brand","embeddable":true,"href":"https:\/\/www.integra-fragrances.com\/fr\/wp-json\/wp\/v2\/categorie_realizzazioni_brand?post=5917"}],"curies":[{"name":"wp","href":"https:\/\/api.w.org\/{rel}","templated":true}]}}

<!-- This site is optimized with the Yoast SEO plugin v26.5 - https://yoast.com/wordpress/plugins/seo/ -->
<title>Solferino 28 week - Integra Fragrances</title>
<meta name="description" content="Voyager dans le passé, mais aussi dans le futur, était possible grâce aux ascenseurs spéciaux de la « machine à remonter le temps » qui ont accueilli le public au siège du quotidien Corriere della Sera du 17 au 23 avril 2023." />
<meta name="robots" content="index, follow, max-snippet:-1, max-image-preview:large, max-video-preview:-1" />
<link rel="canonical" href="https://www.integra-fragrances.com/realizzazioni/solferino-28-week/" />
<meta property="og:locale" content="fr_FR" />
<meta property="og:type" content="article" />
<meta property="og:title" content="Solferino 28 week - Integra Fragrances" />
<meta property="og:description" content="Voyager dans le passé, mais aussi dans le futur, était possible grâce aux ascenseurs spéciaux de la « machine à remonter le temps » qui ont accueilli le public au siège du quotidien Corriere della Sera du 17 au 23 avril 2023." />
<meta property="og:url" content="https://www.integra-fragrances.com/realizzazioni/solferino-28-week/" />
<meta property="og:site_name" content="Integra Fragrances" />
<meta property="article:modified_time" content="2023-10-12T08:13:40+00:00" />
<meta property="og:image" content="https://www.integra-fragrances.com/site/wp-content/uploads/2023/09/28week-1.webp" />
	<meta property="og:image:width" content="3840" />
	<meta property="og:image:height" content="1966" />
	<meta property="og:image:type" content="image/webp" />
<meta name="twitter:card" content="summary_large_image" />
<script type="application/ld+json" class="yoast-schema-graph">{"@context":"https://schema.org","@graph":[{"@type":"WebPage","@id":"https://www.integra-fragrances.com/realizzazioni/solferino-28-week/","url":"https://www.integra-fragrances.com/realizzazioni/solferino-28-week/","name":"Solferino 28 week - Integra Fragrances","isPartOf":{"@id":"https://www.integra-fragrances.com/#website"},"primaryImageOfPage":{"@id":"https://www.integra-fragrances.com/realizzazioni/solferino-28-week/#primaryimage"},"image":{"@id":"https://www.integra-fragrances.com/realizzazioni/solferino-28-week/#primaryimage"},"thumbnailUrl":"https://www.integra-fragrances.com/site/wp-content/uploads/2023/09/28week-1.webp","datePublished":"2023-09-26T07:34:31+00:00","dateModified":"2023-10-12T08:13:40+00:00","description":"Voyager dans le passé, mais aussi dans le futur, était possible grâce aux ascenseurs spéciaux de la « machine à remonter le temps » qui ont accueilli le public au siège du quotidien Corriere della Sera du 17 au 23 avril 2023.","inLanguage":"fr-FR","potentialAction":[{"@type":"ReadAction","target":["https://www.integra-fragrances.com/realizzazioni/solferino-28-week/"]}]},{"@type":"ImageObject","inLanguage":"fr-FR","@id":"https://www.integra-fragrances.com/realizzazioni/solferino-28-week/#primaryimage","url":"https://www.integra-fragrances.com/site/wp-content/uploads/2023/09/28week-1.webp","contentUrl":"https://www.integra-fragrances.com/site/wp-content/uploads/2023/09/28week-1.webp","width":3840,"height":1966},{"@type":"WebSite","@id":"https://www.integra-fragrances.com/#website","url":"https://www.integra-fragrances.com/","name":"Integra Fragrances","description":"Scent Marketing, the art and science of brand olfactory stories","publisher":{"@id":"https://www.integra-fragrances.com/#organization"},"potentialAction":[{"@type":"SearchAction","target":{"@type":"EntryPoint","urlTemplate":"https://www.integra-fragrances.com/?s={search_term_string}"},"query-input":{"@type":"PropertyValueSpecification","valueRequired":true,"valueName":"search_term_string"}}],"inLanguage":"fr-FR"},{"@type":"Organization","@id":"https://www.integra-fragrances.com/#organization","name":"Integra Fragrances","url":"https://www.integra-fragrances.com/","logo":{"@type":"ImageObject","inLanguage":"fr-FR","@id":"https://www.integra-fragrances.com/#/schema/logo/image/","url":"https://www.integra-fragrances.com/site/wp-content/uploads/2023/07/integra-fragrances.svg","contentUrl":"https://www.integra-fragrances.com/site/wp-content/uploads/2023/07/integra-fragrances.svg","caption":"Integra Fragrances"},"image":{"@id":"https://www.integra-fragrances.com/#/schema/logo/image/"}}]}</script>
<!-- / Yoast SEO plugin. -->

Voyager dans le passé, mais aussi dans le futur, était possible grâce aux ascenseurs spéciaux de la « machine à remonter le temps » qui ont accueilli le public au siège du quotidien Corriere della Sera du 17 au 23 avril 2023.
