{"id":5841,"date":"2023-09-25T12:01:14","date_gmt":"2023-09-25T10:01:14","guid":{"rendered":"https:\/\/www.integra-fragrances.com\/realizzazioni\/yamamay\/"},"modified":"2023-11-20T16:07:49","modified_gmt":"2023-11-20T15:07:49","slug":"yamamay","status":"publish","type":"realizzazioni","link":"https:\/\/www.integra-fragrances.com\/fr\/realizzazioni\/yamamay\/","title":{"rendered":"Yamamay"},"content":{"rendered":"","protected":false},"featured_media":5842,"template":"","meta":{"_acf_changed":false},"categorie_realizzazioni_brand":[62],"class_list":["post-5841","realizzazioni","type-realizzazioni","status-publish","has-post-thumbnail","hentry","categorie_realizzazioni_brand-fashion-luxury-fr"],"acf":[],"yoast_head":"<!-- This site is optimized with the Yoast SEO plugin v26.5 - https:\/\/yoast.com\/wordpress\/plugins\/seo\/ -->\n<title>Yamamay - Integra Fragrances<\/title>\n<meta name=\"description\" content=\"Yamamay ouvre son premier magasin durable au c\u0153ur de Sienne. Le concept de ce nouvel espace se distingue par un \u00e9quilibr\u00e9 et enti\u00e8rement durable, ax\u00e9 sur les besoins du client et de la plan\u00e8te.\" \/>\n<meta name=\"robots\" content=\"index, follow, max-snippet:-1, max-image-preview:large, max-video-preview:-1\" \/>\n<link rel=\"canonical\" href=\"https:\/\/www.integra-fragrances.com\/fr\/realizzazioni\/yamamay\/\" \/>\n<meta property=\"og:locale\" content=\"fr_FR\" \/>\n<meta property=\"og:type\" content=\"article\" \/>\n<meta property=\"og:title\" content=\"Yamamay - Integra Fragrances\" \/>\n<meta property=\"og:description\" content=\"Yamamay ouvre son premier magasin durable au c\u0153ur de Sienne. Le concept de ce nouvel espace se distingue par un \u00e9quilibr\u00e9 et enti\u00e8rement durable, ax\u00e9 sur les besoins du client et de la plan\u00e8te.\" \/>\n<meta property=\"og:url\" content=\"https:\/\/www.integra-fragrances.com\/fr\/realizzazioni\/yamamay\/\" \/>\n<meta property=\"og:site_name\" content=\"Integra Fragrances\" \/>\n<meta property=\"article:modified_time\" content=\"2023-11-20T15:07:49+00:00\" \/>\n<meta property=\"og:image\" content=\"https:\/\/www.integra-fragrances.com\/site\/wp-content\/uploads\/2023\/09\/yamamay-1.webp\" \/>\n\t<meta property=\"og:image:width\" content=\"3840\" \/>\n\t<meta property=\"og:image:height\" content=\"1966\" \/>\n\t<meta property=\"og:image:type\" content=\"image\/webp\" \/>\n<meta name=\"twitter:card\" content=\"summary_large_image\" \/>\n<script type=\"application\/ld+json\" class=\"yoast-schema-graph\">{\"@context\":\"https:\/\/schema.org\",\"@graph\":[{\"@type\":\"WebPage\",\"@id\":\"https:\/\/www.integra-fragrances.com\/fr\/realizzazioni\/yamamay\/\",\"url\":\"https:\/\/www.integra-fragrances.com\/fr\/realizzazioni\/yamamay\/\",\"name\":\"Yamamay - Integra Fragrances\",\"isPartOf\":{\"@id\":\"https:\/\/www.integra-fragrances.com\/#website\"},\"primaryImageOfPage\":{\"@id\":\"https:\/\/www.integra-fragrances.com\/fr\/realizzazioni\/yamamay\/#primaryimage\"},\"image\":{\"@id\":\"https:\/\/www.integra-fragrances.com\/fr\/realizzazioni\/yamamay\/#primaryimage\"},\"thumbnailUrl\":\"https:\/\/www.integra-fragrances.com\/site\/wp-content\/uploads\/2023\/09\/yamamay-1.webp\",\"datePublished\":\"2023-09-25T10:01:14+00:00\",\"dateModified\":\"2023-11-20T15:07:49+00:00\",\"description\":\"Yamamay ouvre son premier magasin durable au c\u0153ur de Sienne. Le concept de ce nouvel espace se distingue par un \u00e9quilibr\u00e9 et enti\u00e8rement durable, ax\u00e9 sur les besoins du client et de la plan\u00e8te.\",\"inLanguage\":\"fr-FR\",\"potentialAction\":[{\"@type\":\"ReadAction\",\"target\":[\"https:\/\/www.integra-fragrances.com\/fr\/realizzazioni\/yamamay\/\"]}]},{\"@type\":\"ImageObject\",\"inLanguage\":\"fr-FR\",\"@id\":\"https:\/\/www.integra-fragrances.com\/fr\/realizzazioni\/yamamay\/#primaryimage\",\"url\":\"https:\/\/www.integra-fragrances.com\/site\/wp-content\/uploads\/2023\/09\/yamamay-1.webp\",\"contentUrl\":\"https:\/\/www.integra-fragrances.com\/site\/wp-content\/uploads\/2023\/09\/yamamay-1.webp\",\"width\":3840,\"height\":1966},{\"@type\":\"WebSite\",\"@id\":\"https:\/\/www.integra-fragrances.com\/#website\",\"url\":\"https:\/\/www.integra-fragrances.com\/\",\"name\":\"Integra Fragrances\",\"description\":\"Scent Marketing, the art and science of brand olfactory stories\",\"publisher\":{\"@id\":\"https:\/\/www.integra-fragrances.com\/#organization\"},\"potentialAction\":[{\"@type\":\"SearchAction\",\"target\":{\"@type\":\"EntryPoint\",\"urlTemplate\":\"https:\/\/www.integra-fragrances.com\/?s={search_term_string}\"},\"query-input\":{\"@type\":\"PropertyValueSpecification\",\"valueRequired\":true,\"valueName\":\"search_term_string\"}}],\"inLanguage\":\"fr-FR\"},{\"@type\":\"Organization\",\"@id\":\"https:\/\/www.integra-fragrances.com\/#organization\",\"name\":\"Integra Fragrances\",\"url\":\"https:\/\/www.integra-fragrances.com\/\",\"logo\":{\"@type\":\"ImageObject\",\"inLanguage\":\"fr-FR\",\"@id\":\"https:\/\/www.integra-fragrances.com\/#\/schema\/logo\/image\/\",\"url\":\"https:\/\/www.integra-fragrances.com\/site\/wp-content\/uploads\/2023\/07\/integra-fragrances.svg\",\"contentUrl\":\"https:\/\/www.integra-fragrances.com\/site\/wp-content\/uploads\/2023\/07\/integra-fragrances.svg\",\"caption\":\"Integra Fragrances\"},\"image\":{\"@id\":\"https:\/\/www.integra-fragrances.com\/#\/schema\/logo\/image\/\"}}]}<\/script>\n<!-- \/ Yoast SEO plugin. -->","yoast_head_json":{"title":"Yamamay - Integra Fragrances","description":"Yamamay ouvre son premier magasin durable au c\u0153ur de Sienne. Le concept de ce nouvel espace se distingue par un \u00e9quilibr\u00e9 et enti\u00e8rement durable, ax\u00e9 sur les besoins du client et de la plan\u00e8te.","robots":{"index":"index","follow":"follow","max-snippet":"max-snippet:-1","max-image-preview":"max-image-preview:large","max-video-preview":"max-video-preview:-1"},"canonical":"https:\/\/www.integra-fragrances.com\/fr\/realizzazioni\/yamamay\/","og_locale":"fr_FR","og_type":"article","og_title":"Yamamay - Integra Fragrances","og_description":"Yamamay ouvre son premier magasin durable au c\u0153ur de Sienne. Le concept de ce nouvel espace se distingue par un \u00e9quilibr\u00e9 et enti\u00e8rement durable, ax\u00e9 sur les besoins du client et de la plan\u00e8te.","og_url":"https:\/\/www.integra-fragrances.com\/fr\/realizzazioni\/yamamay\/","og_site_name":"Integra Fragrances","article_modified_time":"2023-11-20T15:07:49+00:00","og_image":[{"width":3840,"height":1966,"url":"https:\/\/www.integra-fragrances.com\/site\/wp-content\/uploads\/2023\/09\/yamamay-1.webp","type":"image\/webp"}],"twitter_card":"summary_large_image","schema":{"@context":"https:\/\/schema.org","@graph":[{"@type":"WebPage","@id":"https:\/\/www.integra-fragrances.com\/fr\/realizzazioni\/yamamay\/","url":"https:\/\/www.integra-fragrances.com\/fr\/realizzazioni\/yamamay\/","name":"Yamamay - Integra Fragrances","isPartOf":{"@id":"https:\/\/www.integra-fragrances.com\/#website"},"primaryImageOfPage":{"@id":"https:\/\/www.integra-fragrances.com\/fr\/realizzazioni\/yamamay\/#primaryimage"},"image":{"@id":"https:\/\/www.integra-fragrances.com\/fr\/realizzazioni\/yamamay\/#primaryimage"},"thumbnailUrl":"https:\/\/www.integra-fragrances.com\/site\/wp-content\/uploads\/2023\/09\/yamamay-1.webp","datePublished":"2023-09-25T10:01:14+00:00","dateModified":"2023-11-20T15:07:49+00:00","description":"Yamamay ouvre son premier magasin durable au c\u0153ur de Sienne. Le concept de ce nouvel espace se distingue par un \u00e9quilibr\u00e9 et enti\u00e8rement durable, ax\u00e9 sur les besoins du client et de la plan\u00e8te.","inLanguage":"fr-FR","potentialAction":[{"@type":"ReadAction","target":["https:\/\/www.integra-fragrances.com\/fr\/realizzazioni\/yamamay\/"]}]},{"@type":"ImageObject","inLanguage":"fr-FR","@id":"https:\/\/www.integra-fragrances.com\/fr\/realizzazioni\/yamamay\/#primaryimage","url":"https:\/\/www.integra-fragrances.com\/site\/wp-content\/uploads\/2023\/09\/yamamay-1.webp","contentUrl":"https:\/\/www.integra-fragrances.com\/site\/wp-content\/uploads\/2023\/09\/yamamay-1.webp","width":3840,"height":1966},{"@type":"WebSite","@id":"https:\/\/www.integra-fragrances.com\/#website","url":"https:\/\/www.integra-fragrances.com\/","name":"Integra Fragrances","description":"Scent Marketing, the art and science of brand olfactory stories","publisher":{"@id":"https:\/\/www.integra-fragrances.com\/#organization"},"potentialAction":[{"@type":"SearchAction","target":{"@type":"EntryPoint","urlTemplate":"https:\/\/www.integra-fragrances.com\/?s={search_term_string}"},"query-input":{"@type":"PropertyValueSpecification","valueRequired":true,"valueName":"search_term_string"}}],"inLanguage":"fr-FR"},{"@type":"Organization","@id":"https:\/\/www.integra-fragrances.com\/#organization","name":"Integra Fragrances","url":"https:\/\/www.integra-fragrances.com\/","logo":{"@type":"ImageObject","inLanguage":"fr-FR","@id":"https:\/\/www.integra-fragrances.com\/#\/schema\/logo\/image\/","url":"https:\/\/www.integra-fragrances.com\/site\/wp-content\/uploads\/2023\/07\/integra-fragrances.svg","contentUrl":"https:\/\/www.integra-fragrances.com\/site\/wp-content\/uploads\/2023\/07\/integra-fragrances.svg","caption":"Integra Fragrances"},"image":{"@id":"https:\/\/www.integra-fragrances.com\/#\/schema\/logo\/image\/"}}]}},"_links":{"self":[{"href":"https:\/\/www.integra-fragrances.com\/fr\/wp-json\/wp\/v2\/realizzazioni\/5841","targetHints":{"allow":["GET"]}}],"collection":[{"href":"https:\/\/www.integra-fragrances.com\/fr\/wp-json\/wp\/v2\/realizzazioni"}],"about":[{"href":"https:\/\/www.integra-fragrances.com\/fr\/wp-json\/wp\/v2\/types\/realizzazioni"}],"wp:featuredmedia":[{"embeddable":true,"href":"https:\/\/www.integra-fragrances.com\/fr\/wp-json\/wp\/v2\/media\/5842"}],"wp:attachment":[{"href":"https:\/\/www.integra-fragrances.com\/fr\/wp-json\/wp\/v2\/media?parent=5841"}],"wp:term":[{"taxonomy":"categorie_realizzazioni_brand","embeddable":true,"href":"https:\/\/www.integra-fragrances.com\/fr\/wp-json\/wp\/v2\/categorie_realizzazioni_brand?post=5841"}],"curies":[{"name":"wp","href":"https:\/\/api.w.org\/{rel}","templated":true}]}}

<!-- This site is optimized with the Yoast SEO plugin v26.5 - https://yoast.com/wordpress/plugins/seo/ -->
<title>Yamamay - Integra Fragrances</title>
<meta name="description" content="Yamamay ouvre son premier magasin durable au cœur de Sienne. Le concept de ce nouvel espace se distingue par un équilibré et entièrement durable, axé sur les besoins du client et de la planète." />
<meta name="robots" content="index, follow, max-snippet:-1, max-image-preview:large, max-video-preview:-1" />
<link rel="canonical" href="https://www.integra-fragrances.com/fr/realizzazioni/yamamay/" />
<meta property="og:locale" content="fr_FR" />
<meta property="og:type" content="article" />
<meta property="og:title" content="Yamamay - Integra Fragrances" />
<meta property="og:description" content="Yamamay ouvre son premier magasin durable au cœur de Sienne. Le concept de ce nouvel espace se distingue par un équilibré et entièrement durable, axé sur les besoins du client et de la planète." />
<meta property="og:url" content="https://www.integra-fragrances.com/fr/realizzazioni/yamamay/" />
<meta property="og:site_name" content="Integra Fragrances" />
<meta property="article:modified_time" content="2023-11-20T15:07:49+00:00" />
<meta property="og:image" content="https://www.integra-fragrances.com/site/wp-content/uploads/2023/09/yamamay-1.webp" />
	<meta property="og:image:width" content="3840" />
	<meta property="og:image:height" content="1966" />
	<meta property="og:image:type" content="image/webp" />
<meta name="twitter:card" content="summary_large_image" />
<script type="application/ld+json" class="yoast-schema-graph">{"@context":"https://schema.org","@graph":[{"@type":"WebPage","@id":"https://www.integra-fragrances.com/fr/realizzazioni/yamamay/","url":"https://www.integra-fragrances.com/fr/realizzazioni/yamamay/","name":"Yamamay - Integra Fragrances","isPartOf":{"@id":"https://www.integra-fragrances.com/#website"},"primaryImageOfPage":{"@id":"https://www.integra-fragrances.com/fr/realizzazioni/yamamay/#primaryimage"},"image":{"@id":"https://www.integra-fragrances.com/fr/realizzazioni/yamamay/#primaryimage"},"thumbnailUrl":"https://www.integra-fragrances.com/site/wp-content/uploads/2023/09/yamamay-1.webp","datePublished":"2023-09-25T10:01:14+00:00","dateModified":"2023-11-20T15:07:49+00:00","description":"Yamamay ouvre son premier magasin durable au cœur de Sienne. Le concept de ce nouvel espace se distingue par un équilibré et entièrement durable, axé sur les besoins du client et de la planète.","inLanguage":"fr-FR","potentialAction":[{"@type":"ReadAction","target":["https://www.integra-fragrances.com/fr/realizzazioni/yamamay/"]}]},{"@type":"ImageObject","inLanguage":"fr-FR","@id":"https://www.integra-fragrances.com/fr/realizzazioni/yamamay/#primaryimage","url":"https://www.integra-fragrances.com/site/wp-content/uploads/2023/09/yamamay-1.webp","contentUrl":"https://www.integra-fragrances.com/site/wp-content/uploads/2023/09/yamamay-1.webp","width":3840,"height":1966},{"@type":"WebSite","@id":"https://www.integra-fragrances.com/#website","url":"https://www.integra-fragrances.com/","name":"Integra Fragrances","description":"Scent Marketing, the art and science of brand olfactory stories","publisher":{"@id":"https://www.integra-fragrances.com/#organization"},"potentialAction":[{"@type":"SearchAction","target":{"@type":"EntryPoint","urlTemplate":"https://www.integra-fragrances.com/?s={search_term_string}"},"query-input":{"@type":"PropertyValueSpecification","valueRequired":true,"valueName":"search_term_string"}}],"inLanguage":"fr-FR"},{"@type":"Organization","@id":"https://www.integra-fragrances.com/#organization","name":"Integra Fragrances","url":"https://www.integra-fragrances.com/","logo":{"@type":"ImageObject","inLanguage":"fr-FR","@id":"https://www.integra-fragrances.com/#/schema/logo/image/","url":"https://www.integra-fragrances.com/site/wp-content/uploads/2023/07/integra-fragrances.svg","contentUrl":"https://www.integra-fragrances.com/site/wp-content/uploads/2023/07/integra-fragrances.svg","caption":"Integra Fragrances"},"image":{"@id":"https://www.integra-fragrances.com/#/schema/logo/image/"}}]}</script>
<!-- / Yoast SEO plugin. -->

Yamamay ouvre son premier magasin durable au cœur de Sienne. Le concept de ce nouvel espace se distingue par un équilibré et entièrement durable, axé sur les besoins du client et de la planète.
